(d)?
7
Let x(u) = -17*u**3 + 5*u + 2. What is the hundreds digit of x(-2)?
1
Suppose -3*a = 2*x, 11*a + 19 = 3*x + 6*a. What is the units digit of x?
3
Let p = -325 + 1167. What is the hundreds digit of p?
8
Suppose 0 = 77*y - 68*y - 5103. What is the units digit of y?
7
Let p(c) = -c**3 - 5*c**2 + 8*c + 6. Let t be p(-6). Let b(g) be the second derivative of g**4/12 + g**3 + 11*g**2/2 + 5*g. What is the units digit of b(t)?
1
Let r be 272/80 + (-4)/10. Suppose 0 = r*i - 365 - 103. Suppose -i + 36 = -6*h. What is the units digit of h?
0
Suppose 3*z - 4 = 2. What is the tens digit of (3/9)/(z/(-1236)*-2)?
0
What is the tens digit of (-5238)/(-7) + 112/(-392)?
4
Let h be 136/14 - (-8)/28. What is the units digit of (-20)/h*(-103)/2?
3
Suppose -25 = -2*m + d, -5*m + 0*d - 2*d = -49. Suppose m*y - 18 = 312. What is the units digit of y?
0
Suppose 7*m + 4 = 9*m. Let x = m + 14. What is the tens digit of x?
1
Let y(q) = q**3 + 52*q**2 - 25*q + 110. What is the units digit of y(-52)?
0
Let z(k) = -7*k**2 + 116*k - 29. What is the tens digit of z(9)?
4
Let s = 222 + 49. What is the hundreds digit of s?
2
Suppose -5*r = 3*v - 6092, -8*r + 3656 = -5*r + 2*v. What is the tens digit of r?
1
Let m(q) be the second derivative of -q**3/2 + 15*q**2/2 - 2*q. Let b(l) = 25*l + 66. Let h be b(-3). What is the units digit of m(h)?
2
Let u = 99 - 58. Let y = u - -16. What is the tens digit of y?
5
Let j(z) = 2*z**3 - 9*z**2 + 23*z + 1. What is the units digit of j(5)?
1
Let h(j) = 511*j - 77. What is the thousands digit of h(3)?
1
Let f(m) = 65*m**3 - 2*m**2. Let d be f(2). Suppose 3*o = o - 2*y + 256, -4*o + d = -5*y. What is the tens digit of o?
2
Suppose 0 = 16*d - 13*d + 105. Let k(c) = -55*c**2 + 1. Let y be k(-1). Let u = d - y. What is the tens digit of u?
1
What is the units digit of (1 + -3)*(-273)/14?
9
Let c(t) = -t**2 - t + 1. Let p(m) = -m**3 + 3*m**2 + 3*m - 44. Let b(q) = -3*c(q) - p(q). Let k = 135 - 135. What is the units digit of b(k)?
1
Suppose -67*z - 9456 = -79*z. What is the units digit of z?
8
Let q(m) = m - 10. Let x be q(14). Suppose x*z - 7 = 3*i + 8, -5*z - 3*i - 15 = 0. Suppose 5*y = 5*u + 75, y + u - 11 = -z*u. What is the units digit of y?
3
Suppose 14430 = 8*v - 5874. What is the thousands digit of v?
2
Let i = 2 + 5. Suppose k + w + i = -w, -2*w + 5 = -3*k. What is the units digit of 3*(9/k)/(-3)?
3
Suppose 1 = 5*j - 14. Let d(h) = 7*h**3 + h**2 + 4*h - 4. What is the hundreds digit of d(j)?
2
Suppose -3*i + 1093 - 382 = 0. Suppose 0 = -q + 3*r + i, -q + 5*r + 232 = 3*r. What is the units digit of q?
2
Suppose 2*c + 0 = 3*u + 5, 4 = -4*u. Let h = c + 4. Suppose w - 4*n + 14 = 0, 0 = w - 2*w + h*n - 18. What is the units digit of w?
2
Let k(v) be the first derivative of -37*v**4/4 + v**2/2 + v - 1. Let d = -4 - -3. What is the tens digit of k(d)?
3
What is the hundreds digit of 7*1 + (-81776)/(-19) - -6?
3
Suppose -22*k + 1623 = -9289. What is the units digit of k?
6
Let k(g) = -g + 5. Let r be k(9). Let z be 38/6 + r/(-6). Suppose z*f - 68 = 3*f. What is the tens digit of f?
1
Suppose -2*i = -v + 29, -4*i + 7 = -5. Let h = -22 + v. What is the units digit of h?
3
Let r(k) = 2*k**2. Let c be r(-1). Suppose -4*o - o - 4*u = 0, 2*u - c = -3*o. Suppose 3*h = -o*p + h + 18, -h = -5*p + 33. What is the units digit of p?
6
Suppose -654 = -2*j - d, 17*j + 1308 = 21*j - 2*d. What is the tens digit of j?
2
Suppose -12*a - 2*a = -17178. What is the hundreds digit of a?
2
Let h(p) be the third derivative of p**4/8 + p**3/3 + 2*p**2. Let t = -34 - -40. What is the tens digit of h(t)?
2
Let i(j) = 6*j**2 + 2*j**3 - 3*j**3 + 1 + 0 - 3*j**2. Let c(p) = -p**2 - p - 1. Let y(b) = 5*c(b) + i(b). What is the units digit of y(-4)?
8
Let u(y) = 179*y**2 + 56*y + 219. What is the tens digit of u(-4)?
5
Let h = -31 + 44. Suppose 9*g + 424 = h*g. What is the hundreds digit of g?
1
Suppose -u - 24 = -5*q, -5*q - 3*u + 4 + 24 = 0. Suppose -9 = q*f - 44. What is the units digit of f?
7
Let s(w) = 8*w**2 - 3*w. Let g be s(4). Let k = -12 - -12. Suppose g = 4*p - k*p. What is the tens digit of p?
2
Let i = -21 + 21. What is the units digit of 8/2 + i + 2?
6
Suppose -4*j = 0, 4*w - 5*w = -4*j - 48. What is the units digit of (w/30)/(4/70)?
8
Let w be (-28)/(-126) - 896/(-18). Let y be (11/(-2))/(5/w). Let j = 108 + y. What is the units digit of j?
3
Let w be 858/221 + 4/34. Let r be 1/4 - (-201)/12. Suppose 0 = -4*l + 3*j + r, w*l + 4*j + 20 = 72. What is the units digit of l?
8
Suppose 4*l = -p + 274, 5*p - 249 - 1096 = 5*l. What is the units digit of p?
0
Let a(g) = 2*g**2 + 8*g + 15. Let b = -34 + 36. Suppose 3*w + b + 16 = 0. What is the units digit of a(w)?
9
Let x(h) = -h**3 - 7*h**2 + 9*h + 9. Let m be x(-8). Let s(z) = 62*z**2 - z + 1. What is the units digit of s(m)?
2
Let z = -73 + 131. Suppose -z = 5*k + 2. What is the units digit of k/4*21/(-9)?
7
Suppose 0 = 4*o + 3*w - 5 - 6, o + 4*w = -7. Suppose o*c + 647 = 5*h - 788, -3*h + 861 = 4*c. What is the hundreds digit of h?
2
Suppose -4*w + 2*m - 1 = -7, -3*w + 9 = 3*m. Suppose 0 = -4*i + w*k + 130, -k = -5*i - 0*k + 155. What is the units digit of i?
0
Let y be 10/(-3)*120/25. Let h = 105 + y. What is the tens digit of h?
8
Suppose -p = 5*o - 46, 5*p + 5 - 28 = -2*o. Let x(m) = -m**2 + 10*m - 6. Let t be x(o). What is the tens digit of ((-4)/t)/((-4)/102)?
3
Suppose -7*w - 5334 = -28*w. What is the units digit of w?
4
Suppose 36 = -3*p - 3*n, n - 28 = 4*p - 0*n. Let j be (-1)/(4 + (-68)/16). Let g = j - p. What is the tens digit of g?
1
Suppose 5*c - 4*s + 15 = 0, -3*c - s + 2*s - 2 = 0. What is the units digit of (2 + 1 + 68)/c?
1
Let w(a) = 13*a**2 - 28*a - 7. What is the units digit of w(-18)?
9
What is the tens digit of 47367/18 + (-2)/4?
3
Let r = 3 + -5. Let w = 0 + r. Let i(a) = -2*a**3 - 3*a**2 - 3*a. What is the units digit of i(w)?
0
Let h = -36 - -32. What is the units digit of 82 + h/((-20)/(-15))?
9
Let b = 4 + 0. Let d be -2 + -1 + -1 + 117. Suppose -m = -b*x + 2*m + 168, 3*x + m = d. What is the units digit of x?
9
Let u = 22 + -19. Let s(g) = 7*g**3 + 4*g - 9. Let r(y) = -6*y**3 - 3*y + 8. Let z(j) = -6*r(j) - 5*s(j). What is the tens digit of z(u)?
1
Suppose -4*d + 2875 = 5*l, 5*l = 4*d - 9*d + 2875. What is the units digit of l?
5
Suppose -3 = -i, -r + 2*i = -2*i + 6. What is the units digit of r/(7 - 4) + 6?
8
Let s(a) = -a + 1. Let n be s(-9). What is the units digit of (335/n)/((-4)/(-8))?
7
Let l(h) = h**3 + 6*h**2 - 8*h + 4. Let t(o) = -24*o**2. Let d be t(1). Let g = d - -17. What is the tens digit of l(g)?
1
Let q = -6 + 1. Let d be ((-12)/q)/((-5)/25). What is the units digit of 9/5*(-40)/d?
6
Let l = -565 - -1112. What is the hundreds digit of l?
5
Suppose 2*p = -5*w + 440, 2*p - 88 = -w + 368. What is the hundreds digit of p?
2
Let y(w) = w - 17. Let c be y(15). Let s(h) = 30*h**2 + 1. Let g be s(c). Let z = -48 + g. What is the units digit of z?
3
Let h(w) = 46*w**2 - 25*w + 138. What is the tens digit of h(7)?
1
Suppose -2*r - 1281 = -n, -4*n - 3*r + 4675 = -394. What is the thousands digit of n?
1
Let a(k) = 5*k - 1. Let h be a(1). Suppose -4 = h*y - 16. Suppose -39 = -4*d + y*d. What is the units digit of d?
9
Suppose 2*m + 5*x = -11, -m = -3*m + 4*x + 16. Let g = m + 3. What is the units digit of 24*(-2)/(-10)*g?
4
Let k = -177 + 258. Suppose k = -2*v + 197. What is the units digit of v?
8
Suppose 5*r - 5*u - 1084 = 3*r, 1609 = 3*r + u. Suppose -408 = -3*z - 2*t, r = 11*z - 7*z + 5*t. What is the hundreds digit of z?
1
Suppose 3*u - 4 = 2. Suppose -u*v = -0*v - 22. Suppose 0 = 3*l + 4*t - 35, t + 1 = -l + v. What is the units digit of l?
5
Let u(q) = 5*q + 350 - 347 + 23*q. What is the tens digit of u(4)?
1
Let r be 11 - 10 - -77*1. Let v be ((-6)/(-9))/((-4)/r). Let k = v - -21. What is the units digit of k?
8
Let f(s) = 9*s**2 - s + 58. Let h(p) = -11*p**2 + p - 56. Let v(y) = 5*f(y) + 4*h(y). Let c be -1 - ((2 - 3) + 0). What is the tens digit of v(c)?
6
Let h(b) = -2*b**3 + 3*b**2 + 15*b + 7. What is the tens digit of h(-7)?
3
Let u = -2 + 1. Let l(n) = 43*n**3 + 2*n**2 - 5*n + 9. Let c(i) = i**3 + i - 2. Let o(v) = -5*c(v) - l(v). What is the units digit of o(u)?
7
Let n(x) = x**3 + 4*x**2 - 3*x + 8. Let u be (-14)/77 - (-664)/22. Let s be 15/u*(0 + -8). What 